it of 75245577?
7
What is the thousands digit of 37701559?
1
What is the millions digit of 929068316?
9
What is the thousands digit of 2228636458?
6
What is the hundred thousands digit of 22180917?
1
What is the hundred millions digit of 2951562601?
9
What is the hundreds digit of 71065533?
5
What is the ten thousands digit of 52259586?
5
What is the hundreds digit of 475605069?
0
What is the hundred millions digit of 110249711?
1
What is the ten millions digit of 2340659508?
4
What is the hundreds digit of 505094506?
5
What is the ten thousands digit of 4255284796?
8
What is the thousands digit of 18458168?
8
What is the millions digit of 156411320?
6
What is the hundreds digit of 757470782?
7
What is the millions digit of 479021718?
9
What is the hundreds digit of 10412397?
3
What is the units digit of 404896713?
3
What is the millions digit of 808311946?
8
What is the millions digit of 4253824?
4
What is the units digit of 641353791?
1
What is the thousands digit of 39124875?
4
What is the hundred millions digit of 557257240?
5
What is the thousands digit of 140316102?
6
What is the hundred millions digit of 182489730?
1
What is the units digit of 34263710?
0
What is the units digit of 15513569?
9
What is the tens digit of 394098646?
4
What is the billions digit of 2857497105?
2
What is the hundred millions digit of 366162915?
3
What is the millions digit of 142593179?
2
What is the tens digit of 2623466681?
8
What is the millions digit of 165474602?
5
What is the ten millions digit of 107658965?
0
What is the ten thousands digit of 71859619?
5
What is the thousands digit of 85692921?
2
What is the millions digit of 914780266?
4
What is the units digit of 24625824?
4
What is the millions digit of 5141624343?
1
What is the millions digit of 5490322?
5
What is the ten thousands digit of 29771244?
7
What is the tens digit of 40995391?
9
What is the hundreds digit of 464116417?
4
What is the hundreds digit of 49499031?
0
What is the hundred millions digit of 1652684082?
6
What is the hundreds digit of 478430538?
5
What is the tens digit of 54411887?
8
What is the units digit of 697922628?
8
What is the hundred thousands digit of 1887699681?
6
What is the ten millions digit of 285880962?
8
What is the millions digit of 214007308?
4
What is the millions digit of 2688573492?
8
What is the units digit of 132806743?
3
What is the units digit of 30450658?
8
What is the hundreds digit of 23523599?
5
What is the units digit of 1320280824?
4
What is the units digit of 7918657?
7
What is the tens digit of 7872775?
7
What is the hundreds digit of 135860748?
7
What is the tens digit of 4845908229?
2
What is the units digit of 211103484?
4
What is the millions digit of 1036834559?
6
What is the hundreds digit of 698995903?
9
What is the units digit of 117892035?
5
What is the thousands digit of 898289123?
9
What is the ten thousands digit of 26934505?
3
What is the tens digit of 25978119?
1
What is the ten millions digit of 1259323659?
5
What is the units digit of 706427586?
6
What is the units digit of 478203995?
5
What is the millions digit of 2500293524?
0
What is the ten thousands digit of 187932806?
3
What is the hundreds digit of 195688861?
8
What is the hundreds digit of 2239671?
6
What is the millions digit of 57015986?
7
What is the hundreds digit of 1693343053?
0
What is the thousands digit of 532022179?
2
What is the ten millions digit of 92125252?
9
What is the hundreds digit of 1483402006?
0
What is the tens digit of 138015609?
0
What is the hundreds digit of 38772074?
0
What is the tens digit of 4886851?
5
What is the hundreds digit of 132677542?
5
What is the units digit of 1433849491?
1
What is the tens digit of 53166427?
2
What is the hundreds digit of 3330766875?
8
What is the units digit of 174041535?
5
What is the hundred thousands digit of 3961066127?
0
What is the hundreds digit of 1219238821?
8
What is the hundred thousands digit of 764332982?
3
What is the hundreds digit of 158851301?
3
What is the ten thousands digit of 576427055?
2
What is the tens digit of 40447859?
5
What is the ten millions digit of 1321926681?
2
What is the ten millions digit of 1095971743?
9
What is the ten millions digit of 161289056?
6
What is the tens digit of 172315826?
2
What is the hundred millions digit of 354868072?
3
What is the ten millions digit of 43923285?
4
What is the tens digit of 95273532?
3
What is the millions digit of 175719424?
5
What is the hundred millions digit of 549839023?
5
What is the hundreds digit of 183755652?
6
What is the ten millions digit of 56579324?
5
What is the hundred thousands digit of 913497602?
4
What is the units digit of 172681086?
6
What is the millions digit of 86562903?
6
What is the ten millions digit of 985417846?
8
What is the ten thousands digit of 1350407874?
0
What is the hundred millions digit of 430203570?
4
What is the ten thousands digit of 68762148?
6
What is the thousands digit of 8948855069?
5
What is the thousands digit of 97342712?
2
What is the units digit of 117841802?
2
What is the ten millions digit of 3355647022?
5
What is the hundred millions digit of 185793889?
1
What is the hundred thousands digit of 333182132?
1
What is the hundreds digit of 44840070?
0
What is the hundred thousands digit of 49211042?
2
What is the millions digit of 262502484?
2
What is the hundreds digit of 518595013?
0
What is the hundred millions digit of 1230173254?
2
What is the tens digit of 339183383?
8
What is the tens digit of 30976675?
7
What is the thousands digit of 6416327?
6
What is the units digit of 515075023?
3
What is the hundreds digit of 3019834929?
9
What is the hundred thousands digit of 3443410104?
4
What is the hundreds digit of 1069561160?
1
What is the ten thousands digit of 63945799?
4
What is the units digit of 46415800?
0
What is the hundreds digit of 909203968?
9
What is the hundred millions digit of 4890467557?
8
What is the hundreds digit of 243631161?
1
What is the millions digit of 43654457?
3
What is the tens digit of 27966686?
8
What is the thousands digit of 119108992?
8
What is the thousands digit of 57982012?
2
What is the hundred thousands digit of 667394987?
3
What is the ten thousands digit of 2857564613?
6
What is the ten thousands digit of 185034937?
3
What is the units digit of 60919996?
6
What is the hundreds digit of 492043930?
9
What is the hundred thousands digit of 202013591?
0
What is the billions digit of 1282750609?
1
What is the hundred millions digit of 348649488?
3
What is the hundreds digit of 17101292?
2
What is the thousands digit of 2874355407?
5
What is the units digit of 10688593?
3
What is the ten millions digit of 166240616?
6
What is the tens digit of 92846317?
1
What is the ten millions digit of 1121550413?
2
What is the millions digit of 19544175?
9
What is the hundred millions digit of 187447974?
1
What is the millions digit of 78118319?
8
What is the thousands digit of 155414414?
4
What is the hundreds digit of 875041966?
9
What is the millions digit of 53516754?
3
What is the ten thousands digit of 553052?
5
What is the tens digit of 9224433?
3
What is the hundred thousands digit of 1476522720?
5
What is the hundred millions digit of 3499333030?
4
What is the hundreds digit of 5190233?
2
What is the tens digit of 444202052?
5
What is the thousands digit of 404172051?
2
What is the tens digit of 263569140?
4
What is the ten millions digit of 657248330?
5
What is the hundreds digit of 18642684?
6
What is the tens digit of 10703830?
3
What is the tens digit of 5220684278?
7
What is the thousands digit of 53159207?
9
What is the ten millions digit of 1192665843?
9
What is the millions digit of 24053486?
4
What is the units digit of 80030456?
6
What is the millions digit of 43980393?
3
What is the hundred thousands digit of 383674076?
6
What is the thousands digit of 2685755338?
5
What is the hundreds digit of 58030895?
8
What is the ten millions digit of 64083322?
6
What is the hundred thousands digit of 1320414559?
4
What is the units digit of 5540754765?
5
What is the ten thousands digit of 6976502885?
0
What is the tens digit of 33730483?
8
What is the units digit of 2629441177?
7
What is the units digit of 128152127?
7
What is the units digit of 362